t is 0 - -116653?
116653
In base 4, what is 3203 + -11231?
-2022
In base 12, what is 141396 + 5?
14139b
In base 3, what is 1222100012 - 100?
1222022212
In base 6, what is -144433 + -5?
-144442
In base 13, what is -2 + -1239?
-123b
In base 10, what is -4 + -84015?
-84019
In base 16, what is 20 + 13d25?
13d45
In base 11, what is -69992 - 2?
-69994
In base 14, what is 289 + 1a6?
451
In base 6, what is 301 + 1544?
2245
In base 9, what is -8572 - -45?
-8526
In base 3, what is -2 - -10122211120?
10122211111
In base 3, what is 11 + -2201220210?
-2201220122
In base 11, what is -11213 - 273?
-11486
In base 15, what is -98a8 - 1?
-98a9
In base 14, what is -6 + -71ba?
-71c2
In base 15, what is 9a2c4 - -4?
9a2c8
In base 3, what is 211210020022 - -21?
211210020120
In base 8, what is 76237 + 36?
76275
In base 13, what is 173a8 + b?
173b6
In base 8, what is -176125 + 6?
-176117
In base 12, what is -6 - 4b04?
-4b0a
In base 6, what is 303154 + -5?
303145
In base 13, what is -275 - -3b?
-237
In base 9, what is 0 - -16230?
16230
In base 4, what is 1103312132 + 10?
1103312202
In base 7, what is 623 + -1664?
-1041
In base 3, what is 11210 + 202?
12112
In base 2, what is -10000101000111011 + 100?
-10000101000110111
In base 4, what is -1 + 1333233020?
1333233013
In base 6, what is -45124 - -540?
-44144
In base 2, what is -10000101 - 111111?
-11000100
In base 15, what is 5225 + -1?
5224
In base 4, what is 12330022 + 10?
12330032
In base 8, what is -2143050 - -4?
-2143044
In base 8, what is -56370 - 46?
-56436
In base 12, what is -169 + -185?
-332
In base 6, what is 4053355 - 0?
4053355
In base 9, what is 4 - -38221?
38225
In base 7, what is -320455 - 0?
-320455
In base 16, what is f0bd + 5?
f0c2
In base 14, what is 355d - -a?
3569
In base 4, what is 23301021 - 0?
23301021
In base 11, what is -10 - 2a90?
-2aa0
In base 13, what is 5 + 140b?
1413
In base 11, what is 773a3 + 3?
773a6
In base 11, what is -3a - 445?
-484
In base 9, what is 3 + -38687?
-38684
In base 5, what is -1 - 13130104?
-13130110
In base 10, what is -541953 - -5?
-541948
In base 12, what is 2 - -759b?
75a1
In base 3, what is -2 + -1120211012111?
-1120211012120
In base 6, what is 1005 + 33?
1042
In base 2, what is -111110110 + 1101?
-111101001
In base 12, what is 357 - 4a9b?
-4744
In base 9, what is 41645 - -23?
41668
In base 15, what is 56a1 + -2?
569e
In base 7, what is 4 + 1663?
2000
In base 14, what is 1675 - 1?
1674
In base 11, what is -1 - 17903?
-17904
In base 16, what is 5 + 25300?
25305
In base 16, what is 61 - 3b?
26
In base 7, what is -1110 + 2233?
1123
In base 6, what is -10510444 - 5?
-10510453
In base 3, what is 210211002 - -2?
210211011
In base 12, what is 1681b + 6?
16825
In base 4, what is 11020302 - 1?
11020301
In base 10, what is 6848 - 4?
6844
In base 10, what is 358 - -126?
484
In base 6, what is 4 - 4253302?
-4253254
In base 2, what is -111110010111100 - -1000?
-111110010110100
In base 4, what is 1113132000 - -1?
1113132001
In base 3, what is -10 + -100220102?
-100220112
In base 4, what is 22230 + 2013?
30303
In base 10, what is -10333 + -8?
-10341
In base 11, what is -14 + -4859?
-4872
In base 10, what is -279055 - 2?
-279057
In base 16, what is 0 + 83da3?
83da3
In base 7, what is -20 - 1232162?
-1232212
In base 8, what is -251 - 2455?
-2726
In base 11, what is 29433 - 5?
29429
In base 10, what is 4 - -7730?
7734
In base 14, what is -1 + -15644?
-15645
In base 12, what is 1327 + 2?
1329
In base 14, what is -8c164 - -4?
-8c160
In base 11, what is -4a + -4476?
-4515
In base 7, what is 2 - 1164145?
-1164143
In base 12, what is 301548 - 4?
301544
In base 9, what is -2 - 8430?
-8432
In base 11, what is -35a4 + -46?
-363a
In base 15, what is -1c01a5 - 4?
-1c01a9
In base 5, what is 32412401 - -12?
32412413
In base 15, what is -1507 + 2c9?
-122d
In base 14, what is 1088 - -3d?
10c7
In base 4, what is 30303 - -220101?
311010
In base 16, what is -bd + -19e0?
-1a9d
In base 15, what is 3e - d7a?
-d3b
In base 6, what is -304 + -135?
-443
In base 2, what is 100 + -1000110110001010?
-1000110110000110
In base 5, what is -3 - 210140433?
-210140441
In base 5, what is -141343224 + 3?
-141343221
In base 13, what is b949 + -8?
b941
In base 10, what is -43 + 666?
623
In base 16, what is -32 - -1b3?
181
In base 8, what is -3314 + 1?
-3313
In base 10, what is -7576 + 58?
-7518
In base 5, what is 23 + -13221?
-13143
In base 15, what is -19 + 9319?
9300
In base 3, what is 10021100221 + -21?
10021100200
In base 14, what is -13 + -472?
-485
In base 15, what is ba + 183?
24d
In base 10, what is 6075 - 20?
6055
In base 14, what is -85 + 39c?
317
In base 3, what is 1200 + 1020121120?
1020200020
In base 8, what is 2270 - 2213?
55
In base 16, what is -23c43 - -5?
-23c3e
In base 16, what is -88bd + -4?
-88c1
In base 9, what is -2658 - 14?
-2673
In base 11, what is -6 - 59243?
-59249
In base 4, what is 232311110 - -2?
232311112
In base 2, what is -101011001001 + -1100000111?
-110111010000
In base 13, what is 4126 + -38?
40bb
In base 9, what is 6626 - -11?
6637
In base 6, what is 2 + 5345005?
5345011
In base 13, what is 27 - -11a89?
11ab3
In base 11, what is -15 + -21828?
-21842
In base 7, what is -10224 + -163?
-10420
In base 5, what is 42 - -10032403?
10033000
In base 10, what is -24021 + 30?
-23991
In base 12, what is -36b + 56?
-315
In base 13, what is -759c0 - -1?
-759bc
In base 8, what is -55 + -122725?
-123002
In base 9, what is 153 - -1050?
1213
In base 7, what is 1 - 313204?
-313203
In base 3, what is -20102012 + -21?
-20102110
In base 8, what is 5 - 10362?
-10355
In base 10, what is 3403 - 21?
3382
In base 3, what is 10 + 1120000101?
1120000111
In base 12, what is -5b - 237?
-296
In base 15, what is -4 - 124?
-128
In base 3, what is -210102002121 + 0?
-210102002121
In base 8, what is 2 + 163650?
163652
In base 12, what is 5ba - 3?
5b7
In base 14, what is 740b + 10?
741b
In base 8, what is -4324 - 70?
-4414
In base 13, what is -482 - cc?
-581
In base 4, what is 1110 - -231322?
233032
In base 15, what is d9 + -10e?
-25
In base 9, what is 815 + 3045?
3861
In base 9, what is -3 + -224175?
-224178
In base 5, what is -1210402 - 21?
-1210423
In base 5, what is 210142 + 4?
210201
In base 2, what is -1010111100001110 - -100?
-1010111100001010
In base 5, what is 120221134 + -11?
120221123
In base 16, what is -2b14 + 2?
-2b12
In base 3, what is -2 + 202100010020?
202100010011
In base 4, what is -10013 - 232?
-10311
In base 3, what is -10222211220 + 110?
-10222211110
In base 14, what is 5 - -5923c?
59243
In base 5, what is 2 + 1042002?
1042004
In base 12, what is 8b - 636a?
-629b
In base 14, what is 12a01 + 6?
12a07
In base 8, what is 1164752 + 1?
1164753
In base 12, what is -4 - 12b19?
-12b21
In base 8, what is -236500 - 6?
-236506
In base 16, what is 5 - -c15b?
c160
In base 14, what is -3 - -2d67?
2d64
In base 10, what is -2 + 1413343?
1413341
In base 2, what is -10001110100 + 111?
-10001101101
In base 8, what is -1743 + -21?
-1764
In base 8, what is -1142651 + 5?
-1142644
In base 4, what is -1122333 + -20?
-1123013
In base 15, what is 17 - 4ca55?
-4ca3d
In base 10, what is -11715 - -280?
-11435
In base 11, what is 28 - 10a8a?
-10a62
In base 6, what is 23220 + -33?
23143
In base 8, what is 4 - 1445?
-1441
In base 2, what is -11 + 10011100111000?
10011100110101
In base 3, what is -12 + 100210000010?
100202222221
In base 7, what is 115032 - -3?
115035
In base 3, what is -2101012210 + 10?
-2101012200
In base 15, what is 2 + e47cc?
e47ce
In base 9, what is -85 - 4?
-100
In base 5, what is 10131 + -413?
4213
In base 12, what is -152a24 + 4?
-152a20
In base 13, what is 3c251 + 9?
3c25a
In base 13, what is -41 - -1c2?
181
In base 3, what is 1121221002 - 11?
1121220221
In base 13, what is -3caca - 4?
-3cb01
In base 16, what is 7 + 58da?
58e1
In base 14, what is 47c + -1?
47b
In base 6, what is -2400 + 4430?
2030
In base 9, what is 5 - -25665?
25671
In base 6, what is 4120 - 45?
4031
In base 9, what is 10 - 116276?
-116266
In base 16, what is -3 - 4359c?
-4359f
In base 13, what is 2172 + -4?
216b
In base 12, what is 63 - 151?
-aa
In base 12, what is -13649 + 4?
-13645
In base 11, what is 260925 - -3?
260928
In base 10, what is 23429 - 4?
23425
In base 9, what is 5 - -115?
121
In base 15, what is -4 - -aab?
aa7
In base 